{"id":161,"date":"2026-04-21T16:29:41","date_gmt":"2026-04-21T16:29:41","guid":{"rendered":"https:\/\/fostudio.h2g.pl\/index.php\/produkt\/kask-szczekowy-shoei-neotec-ii\/"},"modified":"2026-04-21T16:29:41","modified_gmt":"2026-04-21T16:29:41","slug":"kask-szczekowy-shoei-neotec-ii","status":"publish","type":"product","link":"https:\/\/fostudio.h2g.pl\/index.php\/produkt\/kask-szczekowy-shoei-neotec-ii\/","title":{"rendered":"Kask Szcz\u0119kowy Shoei Neotec II"},"content":{"rendered":"<p>Neotec II to wz\u00f3r ergonomii i bezpiecze\u0144stwa. Wyposa\u017cony w stalowe zapi\u0119cie Micro-Ratchet, innowacyjne uszczelnienia wizjera i dedykowane miejsce na interkom Sena SRL2.<\/p>\n","protected":false},"excerpt":{"rendered":"<p>Referencyjny kask turystyczny.<\/p>\n","protected":false},"featured_media":0,"comment_status":"open","ping_status":"closed","template":"","meta":[],"product_brand":[49],"product_cat":[15],"product_tag":[],"class_list":{"0":"post-161","1":"product","2":"type-product","3":"status-publish","5":"product_brand-shoei","6":"product_cat-bez-kategorii","8":"first","9":"instock","10":"shipping-taxable","11":"purchasable","12":"product-type-simple"},"jetpack_sharing_enabled":true,"_links":{"self":[{"href":"https:\/\/fostudio.h2g.pl\/index.php\/wp-json\/wp\/v2\/product\/161","targetHints":{"allow":["GET"]}}],"collection":[{"href":"https:\/\/fostudio.h2g.pl\/index.php\/wp-json\/wp\/v2\/product"}],"about":[{"href":"https:\/\/fostudio.h2g.pl\/index.php\/wp-json\/wp\/v2\/types\/product"}],"replies":[{"embeddable":true,"href":"https:\/\/fostudio.h2g.pl\/index.php\/wp-json\/wp\/v2\/comments?post=161"}],"wp:attachment":[{"href":"https:\/\/fostudio.h2g.pl\/index.php\/wp-json\/wp\/v2\/media?parent=161"}],"wp:term":[{"taxonomy":"product_brand","embeddable":true,"href":"https:\/\/fostudio.h2g.pl\/index.php\/wp-json\/wp\/v2\/product_brand?post=161"},{"taxonomy":"product_cat","embeddable":true,"href":"https:\/\/fostudio.h2g.pl\/index.php\/wp-json\/wp\/v2\/product_cat?post=161"},{"taxonomy":"product_tag","embeddable":true,"href":"https:\/\/fostudio.h2g.pl\/index.php\/wp-json\/wp\/v2\/product_tag?post=161"}],"curies":[{"name":"wp","href":"https:\/\/api.w.org\/{rel}","templated":true}]}}