{"id":168,"date":"2026-04-21T16:29:50","date_gmt":"2026-04-21T16:29:50","guid":{"rendered":"https:\/\/fostudio.h2g.pl\/index.php\/produkt\/buty-daytona-road-star-gtx\/"},"modified":"2026-04-21T16:33:52","modified_gmt":"2026-04-21T16:33:52","slug":"buty-daytona-road-star-gtx","status":"publish","type":"product","link":"https:\/\/fostudio.h2g.pl\/index.php\/produkt\/buty-daytona-road-star-gtx\/","title":{"rendered":"Buty Daytona Road Star GTX"},"content":{"rendered":"<p>R\u0119cznie szyte w Niemczech. Wykonane z najwy\u017cszej jako\u015bci sk\u00f3ry z membran\u0105 Gore-Tex. Daytona s\u0142ynie z trwa\u0142o\u015bci i wygody, kt\u00f3ra nie mija nawet po 10 latach u\u017cytkowania.<\/p>\n","protected":false},"excerpt":{"rendered":"<p>Najlepsze buty turystyczne na lata.<\/p>\n","protected":false},"featured_media":0,"comment_status":"open","ping_status":"closed","template":"","meta":[],"product_brand":[66],"product_cat":[15,28],"product_tag":[],"class_list":{"0":"post-168","1":"product","2":"type-product","3":"status-publish","5":"product_brand-daytona","6":"product_cat-bez-kategorii","7":"product_cat-buty-motocyklowe","9":"first","10":"instock","11":"shipping-taxable","12":"purchasable","13":"product-type-simple"},"jetpack_sharing_enabled":true,"_links":{"self":[{"href":"https:\/\/fostudio.h2g.pl\/index.php\/wp-json\/wp\/v2\/product\/168","targetHints":{"allow":["GET"]}}],"collection":[{"href":"https:\/\/fostudio.h2g.pl\/index.php\/wp-json\/wp\/v2\/product"}],"about":[{"href":"https:\/\/fostudio.h2g.pl\/index.php\/wp-json\/wp\/v2\/types\/product"}],"replies":[{"embeddable":true,"href":"https:\/\/fostudio.h2g.pl\/index.php\/wp-json\/wp\/v2\/comments?post=168"}],"wp:attachment":[{"href":"https:\/\/fostudio.h2g.pl\/index.php\/wp-json\/wp\/v2\/media?parent=168"}],"wp:term":[{"taxonomy":"product_brand","embeddable":true,"href":"https:\/\/fostudio.h2g.pl\/index.php\/wp-json\/wp\/v2\/product_brand?post=168"},{"taxonomy":"product_cat","embeddable":true,"href":"https:\/\/fostudio.h2g.pl\/index.php\/wp-json\/wp\/v2\/product_cat?post=168"},{"taxonomy":"product_tag","embeddable":true,"href":"https:\/\/fostudio.h2g.pl\/index.php\/wp-json\/wp\/v2\/product_tag?post=168"}],"curies":[{"name":"wp","href":"https:\/\/api.w.org\/{rel}","templated":true}]}}