{"id":169,"date":"2026-04-21T16:29:50","date_gmt":"2026-04-21T16:29:50","guid":{"rendered":"https:\/\/fostudio.h2g.pl\/index.php\/produkt\/buty-revit-pioneer-gtx\/"},"modified":"2026-04-21T16:33:52","modified_gmt":"2026-04-21T16:33:52","slug":"buty-revit-pioneer-gtx","status":"publish","type":"product","link":"https:\/\/fostudio.h2g.pl\/index.php\/produkt\/buty-revit-pioneer-gtx\/","title":{"rendered":"Buty Revit Pioneer GTX"},"content":{"rendered":"<p>\u0141\u0105cz\u0105 w sobie ochron\u0119 buta crossowego z komfortem buta trekkingowego. System wi\u0105zania BOA zapewnia idealne dopasowanie jednym pokr\u0119t\u0142em.<\/p>\n","protected":false},"excerpt":{"rendered":"<p>Buty Adventure z systemem BOA.<\/p>\n","protected":false},"featured_media":0,"comment_status":"open","ping_status":"closed","template":"","meta":[],"product_brand":[18],"product_cat":[15,28],"product_tag":[],"class_list":{"0":"post-169","1":"product","2":"type-product","3":"status-publish","5":"product_brand-revit","6":"product_cat-bez-kategorii","7":"product_cat-buty-motocyklowe","9":"first","10":"instock","11":"shipping-taxable","12":"purchasable","13":"product-type-simple"},"jetpack_sharing_enabled":true,"_links":{"self":[{"href":"https:\/\/fostudio.h2g.pl\/index.php\/wp-json\/wp\/v2\/product\/169","targetHints":{"allow":["GET"]}}],"collection":[{"href":"https:\/\/fostudio.h2g.pl\/index.php\/wp-json\/wp\/v2\/product"}],"about":[{"href":"https:\/\/fostudio.h2g.pl\/index.php\/wp-json\/wp\/v2\/types\/product"}],"replies":[{"embeddable":true,"href":"https:\/\/fostudio.h2g.pl\/index.php\/wp-json\/wp\/v2\/comments?post=169"}],"wp:attachment":[{"href":"https:\/\/fostudio.h2g.pl\/index.php\/wp-json\/wp\/v2\/media?parent=169"}],"wp:term":[{"taxonomy":"product_brand","embeddable":true,"href":"https:\/\/fostudio.h2g.pl\/index.php\/wp-json\/wp\/v2\/product_brand?post=169"},{"taxonomy":"product_cat","embeddable":true,"href":"https:\/\/fostudio.h2g.pl\/index.php\/wp-json\/wp\/v2\/product_cat?post=169"},{"taxonomy":"product_tag","embeddable":true,"href":"https:\/\/fostudio.h2g.pl\/index.php\/wp-json\/wp\/v2\/product_tag?post=169"}],"curies":[{"name":"wp","href":"https:\/\/api.w.org\/{rel}","templated":true}]}}