{"id":181,"date":"2026-04-21T16:29:51","date_gmt":"2026-04-21T16:29:51","guid":{"rendered":"https:\/\/fostudio.h2g.pl\/index.php\/produkt\/rekawice-alpinestars-gp-pro-r3\/"},"modified":"2026-04-21T16:33:02","modified_gmt":"2026-04-21T16:33:02","slug":"rekawice-alpinestars-gp-pro-r3","status":"publish","type":"product","link":"https:\/\/fostudio.h2g.pl\/index.php\/produkt\/rekawice-alpinestars-gp-pro-r3\/","title":{"rendered":"R\u0119kawice Alpinestars GP Pro R3"},"content":{"rendered":"<p>Stworzone do wy\u015bcig\u00f3w. Wykorzystuj\u0105 system DFS (Dynamic Friction Shield) i konstrukcj\u0119 z mieszanki sk\u00f3r (kangur, koza, bydl\u0119ca).<\/p>\n","protected":false},"excerpt":{"rendered":"<p>R\u0119kawice z torowym rodowodem.<\/p>\n","protected":false},"featured_media":0,"comment_status":"open","ping_status":"closed","template":"","meta":[],"product_brand":[62],"product_cat":[29],"product_tag":[],"class_list":{"0":"post-181","1":"product","2":"type-product","3":"status-publish","5":"product_brand-alpinestars","6":"product_cat-rekawice-motocyklowe","8":"first","9":"instock","10":"shipping-taxable","11":"purchasable","12":"product-type-simple"},"jetpack_sharing_enabled":true,"_links":{"self":[{"href":"https:\/\/fostudio.h2g.pl\/index.php\/wp-json\/wp\/v2\/product\/181","targetHints":{"allow":["GET"]}}],"collection":[{"href":"https:\/\/fostudio.h2g.pl\/index.php\/wp-json\/wp\/v2\/product"}],"about":[{"href":"https:\/\/fostudio.h2g.pl\/index.php\/wp-json\/wp\/v2\/types\/product"}],"replies":[{"embeddable":true,"href":"https:\/\/fostudio.h2g.pl\/index.php\/wp-json\/wp\/v2\/comments?post=181"}],"wp:attachment":[{"href":"https:\/\/fostudio.h2g.pl\/index.php\/wp-json\/wp\/v2\/media?parent=181"}],"wp:term":[{"taxonomy":"product_brand","embeddable":true,"href":"https:\/\/fostudio.h2g.pl\/index.php\/wp-json\/wp\/v2\/product_brand?post=181"},{"taxonomy":"product_cat","embeddable":true,"href":"https:\/\/fostudio.h2g.pl\/index.php\/wp-json\/wp\/v2\/product_cat?post=181"},{"taxonomy":"product_tag","embeddable":true,"href":"https:\/\/fostudio.h2g.pl\/index.php\/wp-json\/wp\/v2\/product_tag?post=181"}],"curies":[{"name":"wp","href":"https:\/\/api.w.org\/{rel}","templated":true}]}}